d - 117946. Give t(-3).
-187
Let f(z) = 50*z - 67. Calculate f(1).
-17
Let s(b) = -39051*b + 78103. What is s(2)?
1
Let w(j) = -15*j**3 + 1484*j**2 + 1611*j - 1101. Determine w(100).
-1
Let s(c) = -c**3 - 4*c**2 + c - 382. Determine s(0).
-382
Let p(w) = -466*w**2 + 1311*w - 1314. Calculate p(1).
-469
Let f(d) = 334769*d - 669536. Give f(2).
2
Let t(f) = -f**3 - 65*f**2 - 704*f + 482. Give t(-51).
-28
Let b(m) = 4*m**3 - 38*m**2 + 108*m - 95. What is b(3)?
-5
Let d(h) = -2*h**3 + 28*h**2 - 444*h + 5637. What is d(13)?
203
Let c(l) = 281*l**2 + 18*l + 8. Give c(1).
307
Let q(i) = i**3 + 88*i**2 + 1132*i - 27920. Determine q(-37).
15
Let z(o) = -8*o**2 - 1447*o - 5478. What is z(-177)?
9
Let g(q) = -q**2 + 158054*q + 1422570. Determine g(-9).
3
Let j(f) = -8*f**3 - 3*f**2 - 88*f + 178. Determine j(2).
-74
Let n(f) = f**3 - 58*f**2 + 4*f - 4334. Determine n(59).
-617
Let j(f) = 243*f**2 - 5606*f + 144. Determine j(23).
-247
Let r(f) = -71*f + 5208. Determine r(76).
-188
Let o(f) = -180*f**3 + 1097*f**2 - 2*f - 29. Give o(6).
571
Let r(t) = -t**3 + 15*t**2 + 441*t + 310. Determine r(-14).
-180
Let n(r) = 11*r - 2422. Calculate n(69).
-1663
Let l(p) = p**3 - 647*p**2 + 2399*p - 300750. What is l(644)?
-2
Let d(b) = -616*b + 129992. Give d(211).
16
Let j(v) = 6259*v + 18735. Calculate j(-3).
-42
Let d(v) = -v**2 - 269*v + 45260. Give d(117).
98
Let m(p) = 31*p**3 - 41*p**2 - 294*p + 299. Give m(1).
-5
Let l(a) = -6*a**2 + 1815*a - 92635. Determine l(65).
-10
Let n(w) = -w**3 + 10*w**2 + 29947*w - 299470. Calculate n(10).
0
Let a(y) = 42497*y - 68930140. Give a(1622).
-6
Let h(b) = -b**3 - 61*b**2 - 353*b - 30084. What is h(-63)?
93
Let w(l) = 19304*l - 57915. What is w(3)?
-3
Let b(k) = 11*k**2 - 43*k - 312. What is b(-6)?
342
Let b(d) = -236*d**2 + 65378*d - 1661. What is b(277)?
1
Let n(v) = -v**3 + 189*v**2 + 109*v + 15421. Calculate n(190).
31
Let b(l) = -2*l**3 + 31*l**2 + 66*l - 896. Calculate b(14).
616
Let a(r) = r**3 - 153*r**2 + 355*r - 7962. What is a(151)?
41
Let l(w) = 800664*w + 9607928. Give l(-12).
-40
Let u(p) = p**3 - 763*p**2 - 65590*p + 147. Determine u(-78).
-477
Let d(b) = 1204*b + 66212. What is d(-55)?
-8
Let n(p) = 1206*p**2 + 24121*p + 29. Determine n(-20).
9
Let o(a) = 787*a**2 - 702*a - 697. Give o(-1).
792
Let o(i) = -3*i**3 - 61*i**2 + 57*i - 149. Give o(-21).
-464
Let c(b) = -26*b**3 + 1716*b**2 - 137*b + 9021. Calculate c(66).
-21
Let r(b) = -b**3 + 26*b**2 - 118*b + 124. Calculate r(3).
-23
Let n(t) = -t**3 - 66*t**2 - 1029*t + 136. What is n(-25)?
236
Let b(s) = s**2 - 396*s + 18506. What is b(51)?
911
Let h(o) = -37014*o - 74045. Calculate h(-2).
-17
Let p(w) = -7*w**3 + 1967*w**2 - 1972*w + 3259. What is p(280)?
-101
Let b(x) = -2*x**3 - 8*x**2 - 266*x - 1093. What is b(-4)?
-29
Let b(w) = 27*w**3 - 7*w**2 + 108*w + 251. Determine b(-2).
-209
Let i(w) = -4*w**2 + 966*w - 5635. What is i(6)?
17
Let n(h) = -371*h**2 - 36*h + 36. Calculate n(1).
-371
Let r(d) = 8*d**2 - 630*d - 638. What is r(78)?
-1106
Let g(f) = -15363*f - 6544612. Determine g(-426).
26
Let m(i) = -2*i**3 + 16*i**2 + 63*i + 873. Give m(13).
2
Let r(u) = -5*u**3 - 24*u**2 - 12*u. Give r(-8).
1120
Let s(u) = -7116*u + 10382239. Determine s(1459).
-5
Let w(x) = x**2 - 23*x - 11033. What is w(116)?
-245
Let i(x) = x**2 + 1293*x - 7738. Calculate i(6).
56
Let l(y) = -6920*y - 1169537. Calculate l(-169).
-57
Let o(n) = 283*n**2 - 16133*n + 117. What is o(57)?
3
Let l(y) = y**2 - 1596*y + 167518. What is l(113)?
-61
Let m(n) = n**3 + 486*n**2 - 1511*n - 21512. Calculate m(-489).
4
Let a(y) = -15*y**2 + 233*y - 915. What is a(13)?
-421
Let q(p) = -p**3 - 12*p**2 - 69*p + 2. Determine q(-13).
1068
Let l(x) = 4*x**3 - 52*x**2 - 164*x + 2755. Determine l(9).
-17
Let f(t) = 14*t**3 + 1753*t**2 + 381*t + 558. Calculate f(-125).
-192
Let c(i) = -1390*i - 11248. Give c(-8).
-128
Let o(a) = -a**3 - 8*a**2 + 12172*a + 48757. What is o(-4)?
5
Let f(q) = q**3 + 6*q**2 + 3283*q + 9829. Calculate f(-3).
7
Let a(k) = 869*k**3 + 3482*k**2 + 62*k + 168. Calculate a(-4).
16
Let k(x) = -121523*x + 972174. Give k(8).
-10
Let a(f) = 163800*f - 163829. What is a(1)?
-29
Let n(b) = b**3 - 789*b**2 + 7848*b - 45184. Calculate n(779).
-2
Let o(d) = -d**3 - 20*d**2 + 53*d - 88. Determine o(-25).
1712
Let c(z) = -2*z**3 - 66*z**2 + 150*z + 2764. What is c(-34)?
-24
Let m(o) = o**3 + 13*o**2 + 646*o + 8404. Give m(-13).
6
Let d(x) = 18*x**3 + 33*x**2 - 95*x - 3. Determine d(3).
495
Let b(r) = -r**2 + 3209*r - 38070. Give b(12).
294
Let c(d) = -5*d**3 + 5128*d**2 + 1761*d + 298599. Give c(1026).
33
Let s(a) = 7*a**3 - 265*a**2 - 80*a + 1899. Calculate s(38).
303
Let m(z) = 5*z**2 - 167*z - 2322. Give m(44).
10
Let d(w) = 105*w + 587. Determine d(-12).
-673
Let u(c) = c**3 - 20*c**2 - 175*c + 4129. What is u(20)?
629
Let r(h) = -4*h**3 - 1275*h**2 + 1576*h - 7568. Determine r(-320).
112
Let x(m) = -18*m**2 - 6089*m + 16654. Give x(-341).
-55
Let j(q) = 2*q**2 + 198*q + 2013. Determine j(-10).
233
Let n(p) = -212*p - 11926. Determine n(-57).
158
Let w(k) = -42853*k + 5013803. Calculate w(117).
2
Let k(c) = -9*c + 114. Give k(-14).
240
Let o(n) = -n**3 - 304*n**2 - 2394*n - 6914. Give o(-296).
782
Let o(k) = -3*k**3 - 1001*k**2 - 648*k + 6041. Calculate o(-333).
47
Let m(g) = -g**3 + 4249*g + 10. Calculate m(0).
10
Let p(h) = 3*h**2 - 75625*h + 680393. Give p(9).
11
Let t(u) = 2*u**3 + 1029*u**2 + 1657*u + 60500. What is t(-513)?
-34
Let f(m) = 6*m**2 + 934*m - 2843. Determine f(3).
13
Let l(q) = -q**2 - 1368032*q + 5472147. Give l(4).
3
Let a(g) = g**2 + 231*g + 224. Calculate a(-5).
-906
Let f(p) = 79879*p + 559173. Give f(-7).
20
Let l(b) = 3*b**2 - 315*b - 1969. What is l(-6)?
29
Let k(j) = -2238*j**2 - 12004*j - 15. What is k(-5)?
4055
Let o(d) = 8*d**2 - 23*d + 199. Give o(6).
349
Let u(a) = a**3 - 45*a**2 - 352*a - 3817. Determine u(53).
-1
Let k(x) = -28*x**2 - 395*x - 27. Determine k(-5).
1248
Let i(b) = -b**3 + 95*b**2 - 1546*b + 1901. Determine i(19).
-37
Let i(o) = -o**3 - 52*o**2 - 505*o - 2210. Give i(-41).
4
Let u(i) = 17*i**3 - 7*i**2 + 4*i + 18. What is u(0)?
18
Let y(c) = -3*c**2 + 23*c + 13351. Determine y(-63).
-5
Let r(s) = -s**2 - 1722*s - 39087. What is r(-23)?
-10
Let n(l) = 23*l + 2437. Calculate n(-108).
-47
Let d(z) = -14960*z - 194476. What is d(-13)?
4
Let r(q) = -44*q**2 + 31588*q - 187948. Determine r(6).
-4
Let w(i) = 269*i**2 + 812*i - 2. Determine w(-3).
-17
Let j(p) = 358*p**2 - 96*p + 10. Give j(-2).
1634
Let o(r) = -3*r**2 + 281*r - 5750. Calculate o(64).
-54
Let r(i) = -2*i**2 - 90*i + 4527. What is r(31)?
-185
Let k(w) = -112087*w + 672512. Give k(6).
-10
Let u(o) = 3*o**3 + 35*o**2 - 202*o + 45. Determine u(-16).
-51
Let f(p) = p**2 - 6434*p - 753142. Give f(-115).
-7
Let g(y) = -y**2 + 549*y + 3918. Calculate g(-7).
26
Let b(y) = 146*y + 1313. Give b(4).
1897
Let i(m) = -4422*m**2 + 70716*m - 40. Give i(16).
-616
Let n(t) = -9*t**2 - 553*t + 2210. Give n(4).
-146
Let i(c) = 88939*c + 88940. What is i(-1)?
1
Let a(f) = -585*f**2 - 8185*f + 89. Give a(-14).
19
Let s(u) = -u**3 + 220*u**2 + 2800*u - 3656. Calculate s(232).
56
Let q(v) = -643*v**2 - 17352*v + 235. What is q(-27)?
-8
Let f(o) = 18*o**2 + 544*o - 90. Determine f(-34).
2222
Let k(f) = 47*f**3 - 2*f**2 + 164*f - 335. Calculate k(2).
361
Let s(b) = 845*b - 1510. What is s(2)?
180
Let p(k) = 13561*k + 40670. Calculate p(-3).
-13
Let u(t) = 18*t**2 + 47*t - 1011. Determine u(-8).
-235
Let f(c) = -1264*c - 11338. Give f(-7).
-2490
Let z(l) = -6*l**2 + 720*l - 5938. What is z(9)?
56
Let t(s) = 2768*s - 29618. Determine t(11).
830
Let q(u) = -u**3 + 143*u**2 + 5418*u + 769. Calculate q(-31).
25
Let k(l) = 8*l**2 + 8944*l + 71238. Give k(-8).
198
Let u(h) = -2*h**3 - 234*h**2 - 1332*h - 12. Calculate u(-111).
-12
Let j(y) = -y**3 - 2*y**2 + 7740*y + 204. Give j(87).
-57
Let d(m) = -m**3 + 12*m**2 + 304*m + 86. Determine d(24).
470
Let t(w) = -w**3 - 103*w**2 - 1335*w - 2156. Determine t(-13).
-11
Let h(c) = -4754*c + 14327. Give h(3).
65
Let j(t) = -t**3 + 60*t**2 + 248*t + 227. Give j(64).
-285
Let b(n) = n**2 + 5709*n - 253127. Calculate b(44).
5
Let b(d) = -d**3 - 69*d**2 - 311*d + 7623. Calculate b(-62).
-3
Let s(i) = -2*i**2 + 5976*i - 747. Determine s(0).
-747
Let f(l) = -482*l - 723